{"id":233,"date":"2025-07-22T16:00:49","date_gmt":"2025-07-22T16:00:49","guid":{"rendered":"https:\/\/meos-isny.de\/kontakt-30\/"},"modified":"2025-10-23T22:49:02","modified_gmt":"2025-10-23T22:49:02","slug":"kontakt-30","status":"publish","type":"page","link":"https:\/\/meos-isny.de\/?page_id=233","title":{"rendered":"Kontakt"},"content":{"rendered":"\n<div class=\"wp-block-group alignwide has-background-background-color has-background has-global-padding is-layout-constrained wp-container-core-group-is-layout-6a1386d3 wp-block-group-is-layout-constrained\" id=\"kontakt\" style=\"border-top-width:1px;margin-top:0;margin-bottom:0;padding-top:var(--wp--preset--spacing--60);padding-right:0;padding-bottom:var(--wp--preset--spacing--60);padding-left:0\">\n<h2 class=\"wp-block-heading has-text-align-center\">Genussvoll und Rein Pflanzlich im MEO&#8217;S<\/h2>\n\n\n\n<details class=\"wp-block-details is-layout-flow wp-block-details-is-layout-flow\"><summary>Schreibe uns gerne eine E-Mail oder rufe uns bei Fragen an. Auch \u00fcber Instagram kannst Du uns einfach per Nachricht kontaktieren. Wir freuen uns \u00fcber Deine Nachricht oder Deinen Anruf. Bis bald!<\/summary>\n<p><\/p>\n<\/details>\n\n\n\n<div class=\"wp-block-buttons is-content-justification-center is-layout-flex wp-container-core-buttons-is-layout-a89b3969 wp-block-buttons-is-layout-flex\">\n<div class=\"wp-block-button\"><a class=\"wp-block-button__link has-text-align-center wp-element-button\" href=\"https:\/\/www.instagram.com\/meos.isny\/\">Folge uns auf Instagram<\/a><\/div>\n<\/div>\n\n\n\n<p class=\"has-text-align-center\"><strong>Kanzleistra\u00dfe 39, 88316 Isny<\/strong><\/p>\n\n\n\n<p class=\"has-text-align-center has-small-font-size\" style=\"margin-top:8px\"><a href=\"http:\/\/callto\" title=\"+49-7562 6539003\"><strong>+49-7562 6539003<\/strong><\/a><\/p>\n\n\n\n<p class=\"has-text-align-center has-small-font-size\" style=\"margin-top:8px\"><a href=\"mailto:mail@meos-isny.de\" target=\"_blank\" rel=\"noopener\" title=\"\"><strong>mail@meos-isny.de<\/strong><\/a><\/p>\n<\/div>\n\n\n\n<div class=\"wp-block-group alignfull has-tertiary-background-color has-background has-global-padding is-layout-constrained wp-block-group-is-layout-constrained\" style=\"border-top-width:1px;margin-top:0;margin-bottom:0;padding-top:var(--wp--preset--spacing--60);padding-bottom:var(--wp--preset--spacing--60)\">\n<div class=\"wp-block-media-text alignwide is-stacked-on-mobile is-vertically-aligned-center is-image-fill-element\" style=\"padding-right:0;padding-left:0;grid-template-columns:40% auto\"><figure class=\"wp-block-media-text__media\"><img loading=\"lazy\" decoding=\"async\" width=\"1024\" height=\"768\" src=\"https:\/\/meos-isny.de\/wp-content\/uploads\/2025\/07\/meos_bistro-1024x768.jpg\" alt=\"\" class=\"wp-image-241 size-full\" style=\"object-position:50% 50%\" srcset=\"https:\/\/meos-isny.de\/wp-content\/uploads\/2025\/07\/meos_bistro-1024x768.jpg 1024w, https:\/\/meos-isny.de\/wp-content\/uploads\/2025\/07\/meos_bistro-300x225.jpg 300w, https:\/\/meos-isny.de\/wp-content\/uploads\/2025\/07\/meos_bistro-768x576.jpg 768w, https:\/\/meos-isny.de\/wp-content\/uploads\/2025\/07\/meos_bistro-1536x1152.jpg 1536w, https:\/\/meos-isny.de\/wp-content\/uploads\/2025\/07\/meos_bistro-2048x1536.jpg 2048w\" sizes=\"auto, (max-width: 1024px) 100vw, 1024px\" \/><\/figure><div class=\"wp-block-media-text__content\">\n<div class=\"wp-block-group has-global-padding is-content-justification-left is-layout-constrained wp-container-core-group-is-layout-cdff7eec wp-block-group-is-layout-constrained\" style=\"padding-top:var(--wp--preset--spacing--30);padding-right:0;padding-bottom:var(--wp--preset--spacing--30);padding-left:0\">\n<h2 class=\"wp-block-heading has-large-font-size\">MEO&#8217;S \u2013 Raum f\u00fcr Genuss und Kreatives<\/h2>\n\n\n\n<p style=\"margin-top:16px\">Entdecke unsere vielseitigen Angebote. Ob drinnen im gem\u00fctlichen Ambiente oder drau\u00dfen im lauschigen Biergarten &#8211; bei uns kannst Du einfach mal durchatmen, genie\u00dfen und auftanken.<\/p>\n\n\n\n<div class=\"wp-block-buttons is-layout-flex wp-container-core-buttons-is-layout-12dcd427 wp-block-buttons-is-layout-flex\" style=\"margin-top:var(--wp--preset--spacing--40)\">\n<div class=\"wp-block-button\"><a class=\"wp-block-button__link wp-element-button\" href=\"https:\/\/meos-isny.de\">Mehr erfahren<\/a><\/div>\n<\/div>\n<\/div>\n<\/div><\/div>\n<\/div>\n","protected":false},"excerpt":{"rendered":"<p>Genussvoll und Rein Pflanzlich im MEO&#8217;S Kanzleistra\u00dfe 39, 88316 Isny +49-7562 6539003 mail@meos-isny.de MEO&#8217;S \u2013 Raum f\u00fcr Genuss und Kreatives Entdecke unsere vielseitigen Angebote. Ob drinnen im gem\u00fctlichen Ambiente oder [&hellip;]<\/p>\n","protected":false},"author":1,"featured_media":0,"parent":0,"menu_order":4,"comment_status":"closed","ping_status":"closed","template":"page-with-title","meta":{"_EventAllDay":false,"_EventTimezone":"","_EventStartDate":"","_EventEndDate":"","_EventStartDateUTC":"","_EventEndDateUTC":"","_EventShowMap":false,"_EventShowMapLink":false,"_EventURL":"","_EventCost":"","_EventCostDescription":"","_EventCurrencySymbol":"","_EventCurrencyCode":"","_EventCurrencyPosition":"","_EventDateTimeSeparator":"","_EventTimeRangeSeparator":"","_EventOrganizerID":[],"_EventVenueID":[],"_OrganizerEmail":"","_OrganizerPhone":"","_OrganizerWebsite":"","_VenueAddress":"","_VenueCity":"","_VenueCountry":"","_VenueProvince":"","_VenueState":"","_VenueZip":"","_VenuePhone":"","_VenueURL":"","_VenueStateProvince":"","_VenueLat":"","_VenueLng":"","_VenueShowMap":false,"_VenueShowMapLink":false,"footnotes":""},"class_list":["post-233","page","type-page","status-publish","hentry"],"aioseo_notices":[],"_links":{"self":[{"href":"https:\/\/meos-isny.de\/index.php?rest_route=\/wp\/v2\/pages\/233","targetHints":{"allow":["GET"]}}],"collection":[{"href":"https:\/\/meos-isny.de\/index.php?rest_route=\/wp\/v2\/pages"}],"about":[{"href":"https:\/\/meos-isny.de\/index.php?rest_route=\/wp\/v2\/types\/page"}],"author":[{"embeddable":true,"href":"https:\/\/meos-isny.de\/index.php?rest_route=\/wp\/v2\/users\/1"}],"replies":[{"embeddable":true,"href":"https:\/\/meos-isny.de\/index.php?rest_route=%2Fwp%2Fv2%2Fcomments&post=233"}],"version-history":[{"count":9,"href":"https:\/\/meos-isny.de\/index.php?rest_route=\/wp\/v2\/pages\/233\/revisions"}],"predecessor-version":[{"id":470,"href":"https:\/\/meos-isny.de\/index.php?rest_route=\/wp\/v2\/pages\/233\/revisions\/470"}],"wp:attachment":[{"href":"https:\/\/meos-isny.de\/index.php?rest_route=%2Fwp%2Fv2%2Fmedia&parent=233"}],"curies":[{"name":"wp","href":"https:\/\/api.w.org\/{rel}","templated":true}]}}